4*i + 11 = 3. Suppose -5 = -p - i. Suppose -2*q + 2*u = -u - 132, -5*q - p*u + 330 = 0. What is the tens digit of q?
6
Let t(b) = 3*b**2 + b - 4. Let w be t(-2). Let m(j) = 2*j - 1. Let q(n) = 28*n - 16. Let z(g) = 60*m(g) - 3*q(g). What is the tens digit of z(w)?
0
Suppose 2*r + 0*r - 6 = a, 5*r - 12 = a. Suppose z - r = -z. What is the units digit of (-1055)/(-15) + z - (-2)/3?
2
Let t = -1138 - -3778. Let m = -1875 + t. What is the tens digit of m?
6
Let x = 30 - 54. Let r = x - -19. Let q(a) = -a**3 - 4*a**2 - 7*a - 5. What is the units digit of q(r)?
5
Suppose 1779*b = 1762*b + 61098. What is the units digit of b?
4
Suppose -o + 5661 = 4*d, 0 = d + d - 2. What is the hundreds digit of o?
6
Suppose 12404 = 27*i - 1447. Let h(u) = u + 6. Let p be h(-4). Suppose 0 = -p*c - 3*y + 209, -4*c + 2*y = c - i. What is the tens digit of c?
0
Let z(y) = 7*y**2 + 16*y + 159. What is the hundreds digit of z(-38)?
6
Suppose 1810*c = 1812*c - 850. Suppose 0 = 10*m - c - 7745. What is the tens digit of m?
1
What is the units digit of -38*134/201*(-1194)/4?
2
Let b be (-5 + 78/30)*-10. Suppose -296 = -26*q + b*q. What is the units digit of q?
8
Suppose 4*f = 2*f + 4. What is the tens digit of 16 + 444 - f*2?
5
What is the units digit of 12 - (-628 - (-180)/(-18))?
0
Let b(q) = 4*q + 8. Let t be b(8). Suppose 61*x - 30*x - 2697 = 0. Let k = x + t. What is the hundreds digit of k?
1
Let p = 3930 + -2582. What is the units digit of p?
8
Let h = -197 - -157. Let m = 53 + -110. Let g = h - m. What is the tens digit of g?
1
Suppose -5*z - 84 = -6*z. What is the hundreds digit of 11784/z - (3 + 38/(-14))?
1
Let d = 151 + -172. What is the hundreds digit of (-7827)/d + (36/28 - 1)?
3
What is the tens digit of ((-2697)/(-18)*3)/(36/1512)?
7
Let z(i) = -3*i - 360. Let m(q) = -2*q - 1. Let l(d) = 6*m(d) - z(d). What is the hundreds digit of l(0)?
3
Let k be ((-3)/(9/2))/(4/(-12)). Suppose 0*z + 104 = 5*z - 4*h, 3*z - 64 = k*h. Suppose -3*c = -54 - z. What is the tens digit of c?
2
Let f(d) = -d - 1. Let m be f(-3). Suppose 0 = 4*z - q - 580, 0 = m*z + 5*q - 129 - 161. What is the units digit of z?
5
Suppose 0 = 2*k + 10, 3*i = k + 3530 - 348. Suppose -3*n = -5*x - 1571, 13*n - 11*n = x + i. What is the hundreds digit of n?
5
Suppose -5*w + 27851 = 106*z - 105*z, 0 = 2*w - 2*z - 11138. What is the hundreds digit of w?
5
What is the tens digit of 3*2/(-12) + (-6)/(-20)*45865?
5
What is the hundreds digit of (-4 - (-50)/20)/(-1 - (-4101)/4102)?
1
Suppose 0 = -17*k + 19 + 168. Suppose 0 = 5*c + 5, i + 6*c = k*c + 1766. What is the units digit of i?
1
Let i(s) = -4 + 9 - s**3 + 5*s**2 + 8*s**2 - 2 - 3*s. Let l be i(6). Suppose 4*c = 7 + l. What is the tens digit of c?
6
Suppose 7*m = 2*m - 5*m. Suppose -y + 3*y + 370 = m. Let a = -100 - y. What is the units digit of a?
5
What is the tens digit of ((-514368)/(-3))/8 - ((10 - 2) + -3)?
2
Suppose -8*m = m - 103765 - 8357. What is the hundreds digit of m?
4
Let m(l) = l**2 - 43*l + 120. What is the thousands digit of m(72)?
2
Suppose 90*d - 87*d - 3 = 0, 0 = 2*u + 3*d - 10147. What is the hundreds digit of u?
0
Let c(q) = -q**3 - 6*q**2 - 8. Let u be c(0). Let o(l) = -118*l - 33. What is the hundreds digit of o(u)?
9
Suppose 0 = 165*i - 195*i + 766500. What is the ten thousands digit of i?
2
Let j(g) = 12*g + 163. Let b be j(-13). Suppose b*h + 112 = 3087. What is the tens digit of h?
2
Let b be 4 + (-5*20/(-25) - 2). Suppose 2*d = h + 180, -85 = -d + b*h - 8*h. What is the tens digit of d?
8
Suppose -8*b = 2*b - 2950. Suppose 3*d - 1089 + b = -2*m, 1588 = 4*m - 3*d. What is the units digit of m?
7
Suppose 5*u + 40 - 2 = 2*h, -u - 3*h = -6. Let m(j) = -5*j - 11. Let c be m(u). Suppose 15*s + 68 = c*s. What is the units digit of s?
7
Suppose 4*b = 3*f + 3157, b + 2*f - 461 = 309. What is the hundreds digit of b?
7
Suppose 1115703 = -373*p + 22942171. What is the thousands digit of p?
8
Suppose -136*j + 194*j = 845640. What is the ten thousands digit of j?
1
Let m be 10/15*-8*(-30)/(-8). What is the tens digit of 4/m + (-1449)/(-45)?
3
Let m(k) = -133*k + 3379. What is the tens digit of m(-53)?
2
Let r(q) = 3*q + 20. Let p be r(-5). Suppose 3*l - 1255 = -18*u + 14*u, p*l - 5*u = 2150. What is the units digit of l?
5
Let p = 8 + -5. Suppose p*b = 2*n + 2501, -b - 2*n = -5*n - 829. What is the hundreds digit of b?
8
Suppose -3*s = 2*s + c - 20, -4*s - 2*c + 22 = 0. Let l be 1*2/s*6. Suppose g + 2*u + 176 = 3*g, 5*g = l*u + 435. What is the tens digit of g?
8
Let a = 25714 - 3488. What is the ten thousands digit of a?
2
Let z be (-30)/((7 - 6) + (-10)/6). Let b = z + -42. What is the units digit of b*(6 - (-1 + 0))?
1
Let g(c) = -c**3 + 5*c**2 + 4*c - 4. Let h be g(4). Suppose -5*i = -0*i + 4*d - 8937, -5*d - 8910 = -5*i. What is the units digit of i/h + (-1)/(-4)?
4
Let n = -48 - -78. Suppose g + 5*f = n, g + 0*f - 14 = 3*f. Let q = g + 93. What is the tens digit of q?
1
Let f be (-3)/4*-2 - 39/(-78). Suppose 5*w + 3*p + f*p - 965 = 0, -w = 4*p - 199. What is the units digit of w?
1
Suppose 2*k = -m + 4*k + 515, -5*k = m - 543. Let j = m + -352. What is the units digit of j?
1
Let b be 483/(-63)*(-77 + 1*-1). Suppose 3*i = -2*v + 452, 4*i + 2*v + 3*v = b. Let h = i - 27. What is the hundreds digit of h?
1
Let l(r) = 123*r + 51*r**2 - 3 - 65*r - 61*r. What is the hundreds digit of l(2)?
1
Let u = 11968 + 19686. What is the tens digit of u?
5
What is the thousands digit of (-470)/(((-310)/(-160))/(-31))?
7
Let q(x) = 3*x**2 + 140*x - 1288. What is the thousands digit of q(-123)?
6
Let h = -464 - -468. Suppose 0 = h*c - 6332 + 1904. What is the thousands digit of c?
1
Suppose 0 = 2*o - a - 3113, 2*o - 6*o + 6223 = -a. What is the tens digit of o?
5
Suppose 3*j - 3 - 6 = -2*u, 0 = -3*u - j + 31. What is the units digit of -1789*(-10)/45 - u/(-27)?
8
Suppose -72 = 4*i + 5*i. Let k be (-2)/i - (-3381)/28. Suppose -2*u + k = -171. What is the units digit of u?
6
Suppose -4*t - 170 - 1034 = -2*v, -4*t = -12. Suppose -r + 0*h + 158 = -2*h, -4*h = 4*r - v. What is the hundreds digit of r?
1
Let v(i) be the first derivative of 17*i**4 + i**2/2 - i - 1. Let l be (-93)/(-62) - ((-10)/(-4) + -2). What is the units digit of v(l)?
8
Let g(d) = 4*d**2 - 25*d + 6. Let k be g(6). Suppose k = 7*o - 1038 - 404. Suppose -o = 86*q - 88*q. What is the tens digit of q?
0
Let v = -254 + 256. Suppose -z - 1123 = -5*d, d + v*d = 4*z + 684. What is the units digit of d?
4
Let r(d) = -1197*d - 252. What is the thousands digit of r(-4)?
4
Suppose -2*i + q + 4 = -0, -4*q + 8 = 0. Let d(h) = -5*h**3 + 2*h + 4*h**2 + 9*h**2 - 2*h**3 - 12 + 8*h**i. What is the units digit of d(-12)?
8
Suppose -3*v + 2*c - 10 = 0, 5*v + 3*c + 2*c - 25 = 0. Suppose 3*n = -2*o + 573, v*o = -o + 3. Let l = n + -41. What is the tens digit of l?
4
Let c be 28/(-6)*90/(-21). Suppose -c = 2*l + 12. Let r(z) = -z**2 - 20*z + 19. What is the tens digit of r(l)?
8
Let u be 2/(-1)*(-10)/4. Suppose -13*h + 4842 = u*h. What is the hundreds digit of h?
2
Let a(p) = p**3 - 26 - 17 + 48 + 12*p - 2*p**3. What is the tens digit of a(-8)?
2
Suppose 16 = 4*t, 0*t - 83 = 3*f - 5*t. Let p = -242 - f. What is the units digit of 1/2 - p/2?
1
Suppose 5*u - 4*w = -w + 22, 5 = 5*w. Suppose -2*v - u*z + 9887 = -4*z, -v + 4947 = -3*z. What is the units digit of (v/20)/(-6)*-5?
6
Suppose 2*p + 5*u = -12117 + 33898, -10880 = -p - u. What is the thousands digit of p?
0
Suppose 0 = -4*p - 0*p + 24. Let f be (10/p)/(7/(-189)). Let i = -17 - f. What is the units digit of i?
8
Let h(d) = 2*d**2 - 10*d + 9. Let j be h(4). Suppose 4*s - j = 31. Suppose 13*g - 690 = s*g. What is the hundreds digit of g?
1
Let l = 217 - 210. Suppose 0 = -m + 3*w + 20, 2*m + 3*w = l*m - 100. What is the tens digit of m?
2
Let b = -22043 - -65505. What is the tens digit of b?
6
Suppose -2*q + 2 + 0 = -2*h, 3*h = 9. Suppose 2*n + 2*y = -3*n + 5, -3*y = 15. Suppose 591 = 5*b - n*c + q*c, -5*c = b - 123. What is the tens digit of b?
1
Suppose -2*u - 5*d = -0*u - 229, 4*u = 4*d + 472. Let c be 4/(-18) - (-41795)/u. Suppose 3*v - c = 78. What is the tens digit of v?
4
Let b(f) = -3*f - 36. Let l be b(-15). Let y = -30 - l. Let q = 2 - y. What is the units digit of q?
1
Suppose -x = 5*q - 371, 5*x + 5*q = 501 + 1374. Suppose -8*u + x = -7*u